se
Let s = -321 + 198. Let v = -44 - s. Is v composite?
False
Let q = -64143 + 91990. Is q a composite number?
False
Suppose 0 = -4*k + 10*k - 23934. Is k composite?
False
Let m = -51 + 190. Suppose -3*j + m = -83. Let w = 129 - j. Is w prime?
False
Let f(x) = 3*x**2 + 43*x + 10. Let y(n) = -2*n**2 - 29*n - 7. Let z(h) = -5*f(h) - 7*y(h). Let o be z(-8). Is 14*2*o/4 composite?
True
Let k(p) be the first derivative of -p**2 + 1361*p - 5. Is k(0) a prime number?
True
Suppose 0 = 3*s - 37 + 31. Suppose 0 = -f + 1 + 2. Suppose -4*x - f*v + s*v = -1918, -4*v = -8. Is x composite?
False
Is (-191235)/(-9) + -5 + 77/21 a composite number?
False
Suppose 0 = -4*q - 4, 0*q = -3*x + 3*q + 12. Suppose 5*s = 4*s - x*c + 3974, 3*c = -15. Is s composite?
False
Suppose 4*y = 43134 + 158. Is y a composite number?
True
Suppose -3*a + 6*a = -u - 7, -5*u + a + 45 = 0. Suppose -12*y + u*y = 0. Suppose -2*v = -g - y*g + 117, 4*g = -2*v + 518. Is g composite?
False
Suppose -4*h = -20, z - 116 = -3*h - 0*h. Let t = 293 + z. Is t a composite number?
True
Let m(z) = 1 - 8*z + 0*z - 13*z. Let h be m(-1). Let v = h - -84. Is v composite?
True
Suppose -9629 = -3*x - 3212. Suppose 0*w - 5 = -w, x = 4*c - 5*w. Is c a prime number?
True
Let v(z) = -152 + 341 + 53*z - 170. Is v(8) a composite number?
False
Suppose 12*c - 7*c = 4*v + 37105, -3*c + 22263 = 5*v. Is c prime?
False
Let h be (-3 - 2) + (-3)/((-6)/(-4)). Let u(v) = -7*v**3 - 8*v**2 - 10*v - 6. Is u(h) a prime number?
False
Let h(w) = 18*w**2 - w - 1. Suppose 2*o = 3*a - o + 9, -o + 19 = -5*a. Is h(a) a prime number?
False
Let b be 4*(9 - (-1 - -2)). Suppose 0 = d - 5*d - 2*h - b, -8 = d + 5*h. Is ((-38)/8)/(d/160) a prime number?
False
Suppose -52*f = -39*f - 59449. Is f composite?
True
Let n(v) = -v**3 - v**2 + 4. Let d be n(-3). Suppose -5*x = -3*l - d, -x - 18 = 5*l - 0. Is (-1 + x)*(311 + -4) a prime number?
True
Suppose 0 = -s - i - 15, 5*s - 3*i + 2*i = -57. Let t = 14 + s. Suppose 0 = t*b - 4*u - 86, 3*b - 2*b - 49 = 4*u. Is b composite?
False
Let k = 848 + -1731. Let c = 1724 + k. Is c a composite number?
True
Suppose p + 33 = -2*p - 3*m, p + 2*m = -16. Let j(z) = 7*z**2 + 7. Is j(p) prime?
False
Is 172*10 + -16 + 7 prime?
False
Suppose -5*b + 6 = 26. Let r be b/(-18) - 9673/(-9). Suppose 4*q + q = r. Is q a prime number?
False
Suppose -5*v + 263279 + 815046 = 0. Is v prime?
False
Let a = 19 - 17. Let j(m) = -1578*m**2 - m + 4. Let v be j(a). Is (v/15)/((-4)/6) composite?
False
Suppose -4*p + 34161 + 7702 = -b, -3*p - 5*b = -31426. Suppose -2391 + p = 12*i. Is i a composite number?
False
Suppose 3*w = -a + 62414, -2*w + a = 3*w - 104010. Is w prime?
False
Is (2 + 4452/8)*2 a composite number?
False
Let k(c) = 10*c - 3*c - 8*c - 170. Let u be k(0). Let z = u + 327. Is z prime?
True
Let i = 781 - -98. Is i a composite number?
True
Let x(v) be the first derivative of 24*v**2 + 19*v - 6. Is x(6) prime?
True
Suppose 0 = -2*s + 3*o - 7, -4*s - 5 = -s + o. Let k be (-8 + 0)*1/s. Suppose -76 = -k*r + 688. Is r prime?
True
Suppose -i - s = -4884, 14687 = -i + 4*i - 4*s. Is i prime?
True
Suppose 0 = -25*m + 30804 - 8879. Is m a prime number?
True
Let q = -14407 + 21446. Is q a composite number?
False
Let o be (8/5)/(6/15 + 0). Suppose -s = -o*b - 450, -s + 3*b = b - 448. Is s prime?
False
Suppose -11 + 5 = -2*t. Suppose -t*c = -654 - 51. Is c a composite number?
True
Let w be -3 + 3 + -11 + -3. Let o(c) = -c - 12. Let u be o(w). Suppose 0 = -2*n - 2*n + 5*h + 350, -u*n + 162 = 4*h. Is n a prime number?
False
Let x(t) = 45*t**2 - 19*t + 149. Is x(19) prime?
True
Let w be (4/(-6))/((-4)/(-12)). Let s be -22*(-101)/w*-2. Is (-2)/(-7) - s/(-14) composite?
True
Let f = 283 - -4152. Is f a composite number?
True
Let o = -27 - -30. Suppose 23 = i + 3*i - h, -3*h + 21 = o*i. Is (i/(-1))/(22/(-77)) a composite number?
True
Let a = 26 + -26. Suppose 0 = 2*x - 4*g - 206, a = -5*x + g - 5*g + 515. Is x prime?
True
Let u be ((-2)/(-4))/(10/20). Is 2 + 444 + -1 + u prime?
False
Let c(g) = -41*g**3 - 3*g**2 - g + 4. Let a be c(-2). Suppose 7*k - a = 5*k. Is k composite?
True
Suppose -31*u = -9008 - 14211. Is u prime?
False
Let x be 4/3*(3 - 0). Suppose x*w - 29 = 19. Suppose 0 = 10*g - w*g + 62. Is g a composite number?
False
Let j(d) be the first derivative of 0*d**3 + d**2 + 3 + 3*d - 2*d + 2*d**3 - 2*d**2. Is j(-5) a prime number?
False
Let z(c) = 36*c**3 - 3*c**2 - 4*c - 5. Is z(6) composite?
False
Suppose -104449 = 12*v - 478333. Is v a prime number?
False
Is (-74)/185 + (-23107)/(-5) composite?
False
Let q = 3470 + -650. Suppose -3*t + q = -441. Is t composite?
False
Let r be 2 + 0/(-6 + 3). Let d(n) = -5*n**2 + 87 + 2*n**2 + r*n**2 + n**3 - 4. Is d(0) a prime number?
True
Let g(r) = 0*r - 9*r + 1 - 6 + 1. Let c be g(5). Let y = c - -108. Is y composite?
False
Let b = -14818 - -26155. Is b a composite number?
True
Let r = 11188 - 6987. Is r composite?
False
Let y = 1759 + -762. Suppose 4*p - o + 0*o - 1007 = 0, -3*o - y = -4*p. Is p a prime number?
False
Let u(k) = k**3 - 9*k**2 - 9*k - 24. Let v be u(10). Is (-2844)/v - 5/35 a prime number?
False
Suppose -4*f = 5*y - 0*y - 11665, -4*f + 6999 = 3*y. Is y prime?
True
Let f(q) = -2*q**2 + 17*q - 16. Let y be f(7). Suppose -y*l = -905 - 150. Is l composite?
False
Let t(a) = a**2 - a - 2. Let g be t(-2). Suppose -u = -g + 5. Is u/((0 - 1)/467) a composite number?
False
Let x(y) = 49*y + 37. Let c(o) = -25*o - 18. Let p(r) = -11*c(r) - 6*x(r). Is p(-5) prime?
True
Let t(w) = -8*w + 2. Let g be t(2). Is (-9838)/g - (-4 - 78/(-21)) prime?
False
Let j(h) = h - 3. Let r be j(5). Suppose -3*d + q - 5 = r*d, 0 = -3*d + q - 5. Suppose 0 = 2*c - 4*m - 60, d*m - 4*m = -3*c + 94. Is c composite?
True
Let b(h) = -1271*h**3 - 2*h**2 - 2*h + 3. Is b(-2) a composite number?
True
Suppose -5*d = 4*r - 3570, r + d = -271 + 1163. Let p = r + -468. Is p a prime number?
False
Suppose 3*f + 5*y = 428496, -82*y - 428484 = -3*f - 83*y. Is f composite?
True
Let j(p) = 41*p + 3. Let u(k) = -k - 5. Let m be u(-7). Is j(m) composite?
True
Let w(m) = -151*m + 1. Suppose 5*u - 25 = -5*j, 4*u - 3*j = -0*u + 20. Suppose u*r = 13 - 23. Is w(r) a composite number?
True
Let g(k) = 526*k - 11. Let b(x) = -1051*x + 21. Let z(d) = -4*b(d) - 7*g(d). Is z(3) a prime number?
True
Suppose 6*j - 11*j + 63185 = 0. Is j prime?
True
Let c(i) = -2*i - 2. Let z be c(5). Let v be (2 - 1)*(z + -1). Let w(u) = -3*u + 14. Is w(v) composite?
False
Let c(b) = 87*b**2 - 32*b - 15. Is c(4) a composite number?
False
Let c(o) = -o**2 - 11*o - 19. Let f be c(-11). Is (-20 - f)/((-1)/67) prime?
True
Suppose 4*d = 20899 + 13929. Suppose 3*s + 2*p = 8699, 2*s - d = -s - 4*p. Is s a composite number?
False
Let g be ((-12)/(-15))/(2/10). Suppose -g*b + 28 = -k + 6*k, b = -3*k + 14. Suppose 1514 = 4*t + q, t - 383 = -0*t + b*q. Is t composite?
False
Let q(g) = 342*g**2 - 5*g + 5. Let d be q(2). Let p = d + -822. Is p a composite number?
False
Let r(c) be the first derivative of c**6/120 - c**5/15 + c**4/8 + c**3/2 + 11*c**2/2 + 3. Let a(w) be the second derivative of r(w). Is a(4) prime?
False
Suppose 2*k + 5 = -5*z + k, 3*k - 5 = -5*z. Let i(y) = -2*y**2 - 5*y - 2. Let u be i(z). Suppose u*f = 4*f - 632. Is f a composite number?
True
Is 490/(-147)*3/(-2) + 1530 a composite number?
True
Let q be ((-8)/10)/(9/(-1035)). Suppose -2*i + 666 = -q. Is i a composite number?
False
Let g be ((-6)/(-5))/2 - (-208142)/5. Is g/57 + (-4)/(-6) a composite number?
True
Let y = -261 + 696. Suppose 0 = -12*k + 7*k + y. Is k prime?
False
Is (-2977)/(-3) + (-26)/(-39) composite?
True
Suppose 5*o + 113 - 23 = 0. Let k(s) = s**3 + 21*s**2 - 16*s - 1. Is k(o) composite?
False
Suppose 4*m - 59319 = 2*q - 3*q, 2*m + 3*q - 29667 = 0. Is m prime?
False
Let d = -2719 - -14916. Is d a prime number?
True
Suppose 103*r - 1797785 = 48*r. Is r prime?
True
Let t be 3*-1 - (5 - 4). Let k be (1*19)/(2/t). Let j = -7 - k. Is j composite?
False
Suppose -6*b + 3*b + 12 = 0. Suppose 3*q - 1764 = 2022. Suppose l + b*i - i = q, 3836 = 3*l - i. Is l a prime number?
True
Let k(f) = -f - 3. Let v be k(-3). Suppose 5*b - w - 355 = -5*w, v = -4*b - 3*w + 283. Is b composite?
False
Let o = 17325 - 9670. Is o a prime number?
False
Let p(g) = g**2 + 4*g - 2. Let u be p(-5). Let t(m) = 74*